{"id":5,"date":"2009-09-06T12:00:31","date_gmt":"2009-09-06T10:00:31","guid":{"rendered":"http:\/\/www.fc-eschach.de\/?page_id=5"},"modified":"2018-03-26T14:57:01","modified_gmt":"2018-03-26T12:57:01","slug":"der-verein","status":"publish","type":"page","link":"http:\/\/www.fc-eschach.de\/?page_id=5","title":{"rendered":"Der Verein"},"content":{"rendered":"<p>Mit ca. 900 Mitgliedern ist der 1.FC Eschach der gr\u00f6\u00dfte Verein der \u201esympathischen Gemeinde Eschach auf der Frickenhofer H\u00f6he\u201d. Nach den Kriegswirren wurde der Verein 1947 zum Zweck gemeinsamer sportlicher Aktivit\u00e4ten gegr\u00fcndet. Die Gr\u00fcndungsmitglieder hatten zu dieser Zeit Fu\u00dfball im Focus. Im Laufe der Jahrzehnte kamen weitere sportliche Aktivit\u00e4ten unter das Dach des Vereins.<\/p>\n<p>Bei dem gro\u00dfen Sportfest im Sommer bringen sich alle Abteilungen mit unterschiedlichen Aktivit\u00e4ten ein. Neben vielen sportlichen Aktivit\u00e4ten beim Fu\u00dfball, Volleyball und Turnen wird bei der Eschacher Dorfolympiade die gesamte Gemeinde Eschach mit in den sportlichen Wettkampf einbezogen.<\/p>\n<p>Der Verein legt gro\u00dfen Wert auf die Jugendarbeit. Viele Trainer engagieren sich ehrenamtlich, um ihr Wissen und ihre F\u00e4higkeiten an die Kinder und Jugendlichen weiter zu geben. Dies ist eine wichtige Grundlage f\u00fcr das Fortbestehen des Vereins in der Zukunft.<\/p>\n","protected":false},"excerpt":{"rendered":"<p>Mit ca. 900 Mitgliedern ist der 1.FC Eschach der gr\u00f6\u00dfte Verein der \u201esympathischen Gemeinde Eschach auf der Frickenhofer H\u00f6he\u201d. Nach den Kriegswirren wurde der Verein 1947 zum Zweck gemeinsamer sportlicher &hellip; <a href=\"http:\/\/www.fc-eschach.de\/?page_id=5\" class=\"more-link\"><span class=\"screen-reader-text\">Der Verein<\/span> weiterlesen <span class=\"meta-nav\">&rarr;<\/span><\/a><\/p>\n","protected":false},"author":2,"featured_media":0,"parent":0,"menu_order":1,"comment_status":"closed","ping_status":"closed","template":"","meta":{"footnotes":""},"class_list":["post-5","page","type-page","status-publish","hentry"],"_links":{"self":[{"href":"http:\/\/www.fc-eschach.de\/index.php?rest_route=\/wp\/v2\/pages\/5","targetHints":{"allow":["GET"]}}],"collection":[{"href":"http:\/\/www.fc-eschach.de\/index.php?rest_route=\/wp\/v2\/pages"}],"about":[{"href":"http:\/\/www.fc-eschach.de\/index.php?rest_route=\/wp\/v2\/types\/page"}],"author":[{"embeddable":true,"href":"http:\/\/www.fc-eschach.de\/index.php?rest_route=\/wp\/v2\/users\/2"}],"replies":[{"embeddable":true,"href":"http:\/\/www.fc-eschach.de\/index.php?rest_route=%2Fwp%2Fv2%2Fcomments&post=5"}],"version-history":[{"count":5,"href":"http:\/\/www.fc-eschach.de\/index.php?rest_route=\/wp\/v2\/pages\/5\/revisions"}],"predecessor-version":[{"id":3018,"href":"http:\/\/www.fc-eschach.de\/index.php?rest_route=\/wp\/v2\/pages\/5\/revisions\/3018"}],"wp:attachment":[{"href":"http:\/\/www.fc-eschach.de\/index.php?rest_route=%2Fwp%2Fv2%2Fmedia&parent=5"}],"curies":[{"name":"wp","href":"https:\/\/api.w.org\/{rel}","templated":true}]}}

<p>Mit ca. 900 Mitgliedern ist der 1.FC Eschach der größte Verein der „sympathischen Gemeinde Eschach auf der Frickenhofer Höhe”. Nach den Kriegswirren wurde der Verein 1947 zum Zweck gemeinsamer sportlicher Aktivitäten gegründet. Die Gründungsmitglieder hatten zu dieser Zeit Fußball im Focus. Im Laufe der Jahrzehnte kamen weitere sportliche Aktivitäten unter das Dach des Vereins.</p>
<p>Bei dem großen Sportfest im Sommer bringen sich alle Abteilungen mit unterschiedlichen Aktivitäten ein. Neben vielen sportlichen Aktivitäten beim Fußball, Volleyball und Turnen wird bei der Eschacher Dorfolympiade die gesamte Gemeinde Eschach mit in den sportlichen Wettkampf einbezogen.</p>
<p>Der Verein legt großen Wert auf die Jugendarbeit. Viele Trainer engagieren sich ehrenamtlich, um ihr Wissen und ihre Fähigkeiten an die Kinder und Jugendlichen weiter zu geben. Dies ist eine wichtige Grundlage für das Fortbestehen des Vereins in der Zukunft.</p>

<p>Mit ca. 900 Mitgliedern ist der 1.FC Eschach der größte Verein der „sympathischen Gemeinde Eschach auf der Frickenhofer Höhe”. Nach den Kriegswirren wurde der Verein 1947 zum Zweck gemeinsamer sportlicher &hellip; <a href="http://www.fc-eschach.de/?page_id=5" class="more-link"><span class="screen-reader-text">Der Verein</span> weiterlesen <span class="meta-nav">&rarr;</span></a></p>
