{"id":7,"date":"2009-09-06T12:00:54","date_gmt":"2009-09-06T10:00:54","guid":{"rendered":"http:\/\/www.fc-eschach.de\/?page_id=7"},"modified":"2018-03-26T14:57:59","modified_gmt":"2018-03-26T12:57:59","slug":"forderverein","status":"publish","type":"page","link":"http:\/\/www.fc-eschach.de\/?page_id=7","title":{"rendered":"F\u00f6rderverein"},"content":{"rendered":"<p>Der \u201eF\u00f6rderverein des 1.FC Eschach\u201d ist ein eigenst\u00e4ndiger Verein mit einer \u00fcblichen Vereinsstruktur. Die Organe des Vereins sind der Vorstand und die Mitgliederversammlung. Der Zweck des F\u00f6rdervereins ist die F\u00f6rderung des Sports sowie der Belange und Ziele des 1.FC Eschach.<\/p>\n<p>&nbsp;<\/p>\n<p>&nbsp;<\/p>\n<p>&nbsp;<\/p>\n","protected":false},"excerpt":{"rendered":"<p>Der \u201eF\u00f6rderverein des 1.FC Eschach\u201d ist ein eigenst\u00e4ndiger Verein mit einer \u00fcblichen Vereinsstruktur. Die Organe des Vereins sind der Vorstand und die Mitgliederversammlung. Der Zweck des F\u00f6rdervereins ist die F\u00f6rderung &hellip; <a href=\"http:\/\/www.fc-eschach.de\/?page_id=7\" class=\"more-link\"><span class=\"screen-reader-text\">F\u00f6rderverein<\/span> weiterlesen <span class=\"meta-nav\">&rarr;<\/span><\/a><\/p>\n","protected":false},"author":2,"featured_media":0,"parent":5,"menu_order":3,"comment_status":"closed","ping_status":"closed","template":"","meta":{"footnotes":""},"class_list":["post-7","page","type-page","status-publish","hentry"],"_links":{"self":[{"href":"http:\/\/www.fc-eschach.de\/index.php?rest_route=\/wp\/v2\/pages\/7","targetHints":{"allow":["GET"]}}],"collection":[{"href":"http:\/\/www.fc-eschach.de\/index.php?rest_route=\/wp\/v2\/pages"}],"about":[{"href":"http:\/\/www.fc-eschach.de\/index.php?rest_route=\/wp\/v2\/types\/page"}],"author":[{"embeddable":true,"href":"http:\/\/www.fc-eschach.de\/index.php?rest_route=\/wp\/v2\/users\/2"}],"replies":[{"embeddable":true,"href":"http:\/\/www.fc-eschach.de\/index.php?rest_route=%2Fwp%2Fv2%2Fcomments&post=7"}],"version-history":[{"count":6,"href":"http:\/\/www.fc-eschach.de\/index.php?rest_route=\/wp\/v2\/pages\/7\/revisions"}],"predecessor-version":[{"id":3039,"href":"http:\/\/www.fc-eschach.de\/index.php?rest_route=\/wp\/v2\/pages\/7\/revisions\/3039"}],"up":[{"embeddable":true,"href":"http:\/\/www.fc-eschach.de\/index.php?rest_route=\/wp\/v2\/pages\/5"}],"wp:attachment":[{"href":"http:\/\/www.fc-eschach.de\/index.php?rest_route=%2Fwp%2Fv2%2Fmedia&parent=7"}],"curies":[{"name":"wp","href":"https:\/\/api.w.org\/{rel}","templated":true}]}}