{"id":71,"date":"2009-09-06T12:00:25","date_gmt":"2009-09-06T10:00:25","guid":{"rendered":"http:\/\/www.fc-eschach.de\/?page_id=71"},"modified":"2022-11-01T14:47:14","modified_gmt":"2022-11-01T13:47:14","slug":"a-junioren","status":"publish","type":"page","link":"http:\/\/www.fc-eschach.de\/?page_id=71","title":{"rendered":"A-Junioren"},"content":{"rendered":"<p>Zur Saison 2021\/2022 haben wir zusammen mit den Vereinen FV Hohenstadt, TSV Untergr\u00f6ningen, FC Schechingen und SV G\u00f6ggingen eine neue Spielgemeinschaft im Jugendfu\u00dfball gegr\u00fcndet \u2013 das J<span class=\"d2edcug0 hpfvmrgz qv66sw1b c1et5uql oi732d6d ik7dh3pa ht8s03o8 a8c37x1j keod5gw0 nxhoafnm aigsh9s9 d3f4x2em fe6kdd0r mau55g9w c8b282yb iv3no6db jq4qci2q a3bd9o3v knj5qynh oo9gr5id hzawbc8m\" dir=\"auto\">uniorteam Kocher-Lein.<\/span><\/p>\n<p><strong>Trainingszeiten A-Junioren (Jg 2003\/2004)<br \/><\/strong><\/p>\n<p>Di. 18.30 \u2013 20.00 Uhr in Eschach<br \/>Do. 18.30 \u2013 20.00 Uhr in G\u00f6ggingen<\/p>\n<p>A-Junioren &#8211; SGM FC Eschach Juniorteam Kocher-Lein\u00a0<br \/><a href=\"https:\/\/www.fussball.de\/mannschaft\/sgm-fc-eschach-juniorteam-kocher-lein-fc-eschach-wuerttemberg\/-\/saison\/2223\/team-id\/02F5BI5UTK000000VS5489B1VVS28625#!\/\" target=\"_blank\" rel=\"noopener noreferrer\">Qualistaffel 2<\/a><\/p>\n<p>Kontakt: Steffen F\u00f6rstner (steffen.foerstner(at)t-online.de)<\/p>\n<p><strong>\u00a0<\/strong><\/p>\n\n","protected":false},"excerpt":{"rendered":"<p>Zur Saison 2021\/2022 haben wir zusammen mit den Vereinen FV Hohenstadt, TSV Untergr\u00f6ningen, FC Schechingen und SV G\u00f6ggingen eine neue Spielgemeinschaft im Jugendfu\u00dfball gegr\u00fcndet \u2013 das Juniorteam Kocher-Lein. Trainingszeiten A-Junioren &hellip; <a href=\"http:\/\/www.fc-eschach.de\/?page_id=71\" class=\"more-link\"><span class=\"screen-reader-text\">A-Junioren<\/span> weiterlesen <span class=\"meta-nav\">&rarr;<\/span><\/a><\/p>\n","protected":false},"author":2,"featured_media":0,"parent":2817,"menu_order":1,"comment_status":"closed","ping_status":"closed","template":"","meta":{"footnotes":""},"class_list":["post-71","page","type-page","status-publish","hentry"],"_links":{"self":[{"href":"http:\/\/www.fc-eschach.de\/index.php?rest_route=\/wp\/v2\/pages\/71","targetHints":{"allow":["GET"]}}],"collection":[{"href":"http:\/\/www.fc-eschach.de\/index.php?rest_route=\/wp\/v2\/pages"}],"about":[{"href":"http:\/\/www.fc-eschach.de\/index.php?rest_route=\/wp\/v2\/types\/page"}],"author":[{"embeddable":true,"href":"http:\/\/www.fc-eschach.de\/index.php?rest_route=\/wp\/v2\/users\/2"}],"replies":[{"embeddable":true,"href":"http:\/\/www.fc-eschach.de\/index.php?rest_route=%2Fwp%2Fv2%2Fcomments&post=71"}],"version-history":[{"count":55,"href":"http:\/\/www.fc-eschach.de\/index.php?rest_route=\/wp\/v2\/pages\/71\/revisions"}],"predecessor-version":[{"id":3405,"href":"http:\/\/www.fc-eschach.de\/index.php?rest_route=\/wp\/v2\/pages\/71\/revisions\/3405"}],"up":[{"embeddable":true,"href":"http:\/\/www.fc-eschach.de\/index.php?rest_route=\/wp\/v2\/pages\/2817"}],"wp:attachment":[{"href":"http:\/\/www.fc-eschach.de\/index.php?rest_route=%2Fwp%2Fv2%2Fmedia&parent=71"}],"curies":[{"name":"wp","href":"https:\/\/api.w.org\/{rel}","templated":true}]}}

<p>Zur Saison 2021/2022 haben wir zusammen mit den Vereinen FV Hohenstadt, TSV Untergröningen, FC Schechingen und SV Göggingen eine neue Spielgemeinschaft im Jugendfußball gegründet – das J<span class="d2edcug0 hpfvmrgz qv66sw1b c1et5uql oi732d6d ik7dh3pa ht8s03o8 a8c37x1j keod5gw0 nxhoafnm aigsh9s9 d3f4x2em fe6kdd0r mau55g9w c8b282yb iv3no6db jq4qci2q a3bd9o3v knj5qynh oo9gr5id hzawbc8m" dir="auto">uniorteam Kocher-Lein.</span></p>
<p><strong>Trainingszeiten A-Junioren (Jg 2003/2004)<br /></strong></p>
<p>Di. 18.30 – 20.00 Uhr in Eschach<br />Do. 18.30 – 20.00 Uhr in Göggingen</p>
<p>A-Junioren &#8211; SGM FC Eschach Juniorteam Kocher-Lein <br /><a href="https://www.fussball.de/mannschaft/sgm-fc-eschach-juniorteam-kocher-lein-fc-eschach-wuerttemberg/-/saison/2223/team-id/02F5BI5UTK000000VS5489B1VVS28625#!/" target="_blank" rel="noopener noreferrer">Qualistaffel 2</a></p>
<p>Kontakt: Steffen Förstner (steffen.foerstner(at)t-online.de)</p>
<p><strong> </strong></p>

<p>Zur Saison 2021/2022 haben wir zusammen mit den Vereinen FV Hohenstadt, TSV Untergröningen, FC Schechingen und SV Göggingen eine neue Spielgemeinschaft im Jugendfußball gegründet – das Juniorteam Kocher-Lein. Trainingszeiten A-Junioren &hellip; <a href="http://www.fc-eschach.de/?page_id=71" class="more-link"><span class="screen-reader-text">A-Junioren</span> weiterlesen <span class="meta-nav">&rarr;</span></a></p>
