{"id":76,"date":"2009-09-06T12:00:01","date_gmt":"2009-09-06T10:00:01","guid":{"rendered":"http:\/\/www.fc-eschach.de\/?page_id=76"},"modified":"2022-11-01T14:51:05","modified_gmt":"2022-11-01T13:51:05","slug":"c-junioren","status":"publish","type":"page","link":"http:\/\/www.fc-eschach.de\/?page_id=76","title":{"rendered":"C-Junioren"},"content":{"rendered":"<p>Zur Saison 2021\/2022 haben wir zusammen mit den Vereinen FV Hohenstadt, TSV Untergr\u00f6ningen, FC Schechingen und SV G\u00f6ggingen eine neue Spielgemeinschaft im Jugendfu\u00dfball gegr\u00fcndet \u2013 das J<span class=\"d2edcug0 hpfvmrgz qv66sw1b c1et5uql oi732d6d ik7dh3pa ht8s03o8 a8c37x1j keod5gw0 nxhoafnm aigsh9s9 d3f4x2em fe6kdd0r mau55g9w c8b282yb iv3no6db jq4qci2q a3bd9o3v knj5qynh oo9gr5id hzawbc8m\" dir=\"auto\">uniorteam Kocher-Lein.<\/span><\/p>\n<p><strong>Trainingszeiten C-Junioren (Jg 2007\/2008)<br \/><\/strong><\/p>\n<p>Di. 17.30 \u2013 19.00 Uhr in G\u00f6ggingen<br \/>Do. 18.00 \u2013 19.30 Uhr in Hohenstadt<\/p>\n<p>C-Junioren &#8211; SGM TSV Untergr\u00f6ningen Juniorteam Kocher-Lein I\u00a0<br \/><a href=\"https:\/\/www.fussball.de\/mannschaft\/sgm-tsv-untergroeningen-juniorteam-kocher-lein-i-tsv-untergroeningen-wuerttemberg\/-\/saison\/2223\/team-id\/02IOHPK8AK000000VS5489B2VVQ9C6A6#!\/\" target=\"_blank\" rel=\"noopener noreferrer\">Qualistaffel 3<\/a><\/p>\n<p>C-Junioren &#8211; SGM TSV Untergr\u00f6ningen Juniorteam Kocher-Lein II (9er) <br \/><a href=\"https:\/\/www.fussball.de\/mannschaft\/sgm-tsv-untergroeningen-juniorteam-kocher-lein-ii-9er-tsv-untergroeningen-wuerttemberg\/-\/saison\/2223\/team-id\/02IOHQS544000000VS5489B2VVQ9C6A6#!\/\" target=\"_blank\" rel=\"noopener noreferrer\">Qualistaffel 6<\/a><\/p>\n<p>Kontakt: Steffen F\u00f6rstner (steffen.foerstner(at)t-online.de)<\/p>\n\n","protected":false},"excerpt":{"rendered":"<p>Zur Saison 2021\/2022 haben wir zusammen mit den Vereinen FV Hohenstadt, TSV Untergr\u00f6ningen, FC Schechingen und SV G\u00f6ggingen eine neue Spielgemeinschaft im Jugendfu\u00dfball gegr\u00fcndet \u2013 das Juniorteam Kocher-Lein. Trainingszeiten C-Junioren &hellip; <a href=\"http:\/\/www.fc-eschach.de\/?page_id=76\" class=\"more-link\"><span class=\"screen-reader-text\">C-Junioren<\/span> weiterlesen <span class=\"meta-nav\">&rarr;<\/span><\/a><\/p>\n","protected":false},"author":2,"featured_media":0,"parent":2817,"menu_order":3,"comment_status":"closed","ping_status":"closed","template":"","meta":{"footnotes":""},"class_list":["post-76","page","type-page","status-publish","hentry"],"_links":{"self":[{"href":"http:\/\/www.fc-eschach.de\/index.php?rest_route=\/wp\/v2\/pages\/76","targetHints":{"allow":["GET"]}}],"collection":[{"href":"http:\/\/www.fc-eschach.de\/index.php?rest_route=\/wp\/v2\/pages"}],"about":[{"href":"http:\/\/www.fc-eschach.de\/index.php?rest_route=\/wp\/v2\/types\/page"}],"author":[{"embeddable":true,"href":"http:\/\/www.fc-eschach.de\/index.php?rest_route=\/wp\/v2\/users\/2"}],"replies":[{"embeddable":true,"href":"http:\/\/www.fc-eschach.de\/index.php?rest_route=%2Fwp%2Fv2%2Fcomments&post=76"}],"version-history":[{"count":46,"href":"http:\/\/www.fc-eschach.de\/index.php?rest_route=\/wp\/v2\/pages\/76\/revisions"}],"predecessor-version":[{"id":3408,"href":"http:\/\/www.fc-eschach.de\/index.php?rest_route=\/wp\/v2\/pages\/76\/revisions\/3408"}],"up":[{"embeddable":true,"href":"http:\/\/www.fc-eschach.de\/index.php?rest_route=\/wp\/v2\/pages\/2817"}],"wp:attachment":[{"href":"http:\/\/www.fc-eschach.de\/index.php?rest_route=%2Fwp%2Fv2%2Fmedia&parent=76"}],"curies":[{"name":"wp","href":"https:\/\/api.w.org\/{rel}","templated":true}]}}