{"id":79,"date":"2009-09-06T12:00:58","date_gmt":"2009-09-06T10:00:58","guid":{"rendered":"http:\/\/www.fc-eschach.de\/?page_id=79"},"modified":"2022-11-01T14:52:54","modified_gmt":"2022-11-01T13:52:54","slug":"d-junioren","status":"publish","type":"page","link":"http:\/\/www.fc-eschach.de\/?page_id=79","title":{"rendered":"D-Junioren"},"content":{"rendered":"<p>Zur Saison 2021\/2022 haben wir zusammen mit den Vereinen FV Hohenstadt, TSV Untergr\u00f6ningen, FC Schechingen und SV G\u00f6ggingen eine neue Spielgemeinschaft im Jugendfu\u00dfball gegr\u00fcndet \u2013 das J<span class=\"d2edcug0 hpfvmrgz qv66sw1b c1et5uql oi732d6d ik7dh3pa ht8s03o8 a8c37x1j keod5gw0 nxhoafnm aigsh9s9 d3f4x2em fe6kdd0r mau55g9w c8b282yb iv3no6db jq4qci2q a3bd9o3v knj5qynh oo9gr5id hzawbc8m\" dir=\"auto\">uniorteam Kocher-Lein.<\/span><\/p>\n<p><strong>Trainingszeiten D-Junioren (Jg 2009\/2010)<br \/>\n<\/strong><\/p>\n<p>Di. 17.30 \u2013 19.00 Uhr in Hohenstadt<br \/>\nDo. 17.30 \u2013 19.00 Uhr in Untergr\u00f6ningen<\/p>\n<p>D-Junioren &#8211; SGM FV Germania Hohenstadt Juniorteam Kocher-Lein I<br \/>\n<a href=\"https:\/\/www.fussball.de\/mannschaft\/sgm-fv-germania-hohenstadt-juniorteam-kocher-lein-i-fv-germania-hohenstadt-wuerttemberg\/-\/saison\/2223\/team-id\/02IOHVQAV4000000VS5489B1VSO9MMK0#!\/\" target=\"_blank\" rel=\"noopener noreferrer\">Qualistaffel 2<\/a><\/p>\n<p>D-Junioren &#8211; SGM FV Germania Hohenstadt Juniorteam Kocher-Lein II<br \/>\n<a href=\"https:\/\/www.fussball.de\/mannschaft\/sgm-fv-germania-hohenstadt-juniorteam-kocher-lein-ii-fv-germania-hohenstadt-wuerttemberg\/-\/saison\/2223\/team-id\/02IOI08BP8000000VS5489B1VSO9MMK0#!\/\" target=\"_blank\" rel=\"noopener noreferrer\">Qualistaffel 5<\/a><\/p>\n<p>D-Junioren &#8211; SGM FV Germania Hohenstadt Juniorteam Kocher-Lein III<br \/>\n<a href=\"https:\/\/www.fussball.de\/mannschaft\/sgm-fv-germania-hohenstadt-juniorteam-kocher-lein-iii-fv-germania-hohenstadt-wuerttemberg\/-\/saison\/2223\/team-id\/02IOI0L9M8000000VS5489B1VSO9MMK0#!\/\" target=\"_blank\" rel=\"noopener noreferrer\">Qualistaffel 4<\/a><\/p>\n<p>Kontakt: Steffen F\u00f6rstner (steffen.foerstner(at)t-online.de)<\/p>\n","protected":false},"excerpt":{"rendered":"<p>Zur Saison 2021\/2022 haben wir zusammen mit den Vereinen FV Hohenstadt, TSV Untergr\u00f6ningen, FC Schechingen und SV G\u00f6ggingen eine neue Spielgemeinschaft im Jugendfu\u00dfball gegr\u00fcndet \u2013 das Juniorteam Kocher-Lein. Trainingszeiten D-Junioren &hellip; <a href=\"http:\/\/www.fc-eschach.de\/?page_id=79\" class=\"more-link\"><span class=\"screen-reader-text\">D-Junioren<\/span> weiterlesen <span class=\"meta-nav\">&rarr;<\/span><\/a><\/p>\n","protected":false},"author":2,"featured_media":0,"parent":2817,"menu_order":4,"comment_status":"closed","ping_status":"closed","template":"","meta":{"footnotes":""},"class_list":["post-79","page","type-page","status-publish","hentry"],"_links":{"self":[{"href":"http:\/\/www.fc-eschach.de\/index.php?rest_route=\/wp\/v2\/pages\/79","targetHints":{"allow":["GET"]}}],"collection":[{"href":"http:\/\/www.fc-eschach.de\/index.php?rest_route=\/wp\/v2\/pages"}],"about":[{"href":"http:\/\/www.fc-eschach.de\/index.php?rest_route=\/wp\/v2\/types\/page"}],"author":[{"embeddable":true,"href":"http:\/\/www.fc-eschach.de\/index.php?rest_route=\/wp\/v2\/users\/2"}],"replies":[{"embeddable":true,"href":"http:\/\/www.fc-eschach.de\/index.php?rest_route=%2Fwp%2Fv2%2Fcomments&post=79"}],"version-history":[{"count":42,"href":"http:\/\/www.fc-eschach.de\/index.php?rest_route=\/wp\/v2\/pages\/79\/revisions"}],"predecessor-version":[{"id":3410,"href":"http:\/\/www.fc-eschach.de\/index.php?rest_route=\/wp\/v2\/pages\/79\/revisions\/3410"}],"up":[{"embeddable":true,"href":"http:\/\/www.fc-eschach.de\/index.php?rest_route=\/wp\/v2\/pages\/2817"}],"wp:attachment":[{"href":"http:\/\/www.fc-eschach.de\/index.php?rest_route=%2Fwp%2Fv2%2Fmedia&parent=79"}],"curies":[{"name":"wp","href":"https:\/\/api.w.org\/{rel}","templated":true}]}}

<p>Zur Saison 2021/2022 haben wir zusammen mit den Vereinen FV Hohenstadt, TSV Untergröningen, FC Schechingen und SV Göggingen eine neue Spielgemeinschaft im Jugendfußball gegründet – das J<span class="d2edcug0 hpfvmrgz qv66sw1b c1et5uql oi732d6d ik7dh3pa ht8s03o8 a8c37x1j keod5gw0 nxhoafnm aigsh9s9 d3f4x2em fe6kdd0r mau55g9w c8b282yb iv3no6db jq4qci2q a3bd9o3v knj5qynh oo9gr5id hzawbc8m" dir="auto">uniorteam Kocher-Lein.</span></p>
<p><strong>Trainingszeiten D-Junioren (Jg 2009/2010)<br />
</strong></p>
<p>Di. 17.30 – 19.00 Uhr in Hohenstadt<br />
Do. 17.30 – 19.00 Uhr in Untergröningen</p>
<p>D-Junioren &#8211; SGM FV Germania Hohenstadt Juniorteam Kocher-Lein I<br />
<a href="https://www.fussball.de/mannschaft/sgm-fv-germania-hohenstadt-juniorteam-kocher-lein-i-fv-germania-hohenstadt-wuerttemberg/-/saison/2223/team-id/02IOHVQAV4000000VS5489B1VSO9MMK0#!/" target="_blank" rel="noopener noreferrer">Qualistaffel 2</a></p>
<p>D-Junioren &#8211; SGM FV Germania Hohenstadt Juniorteam Kocher-Lein II<br />
<a href="https://www.fussball.de/mannschaft/sgm-fv-germania-hohenstadt-juniorteam-kocher-lein-ii-fv-germania-hohenstadt-wuerttemberg/-/saison/2223/team-id/02IOI08BP8000000VS5489B1VSO9MMK0#!/" target="_blank" rel="noopener noreferrer">Qualistaffel 5</a></p>
<p>D-Junioren &#8211; SGM FV Germania Hohenstadt Juniorteam Kocher-Lein III<br />
<a href="https://www.fussball.de/mannschaft/sgm-fv-germania-hohenstadt-juniorteam-kocher-lein-iii-fv-germania-hohenstadt-wuerttemberg/-/saison/2223/team-id/02IOI0L9M8000000VS5489B1VSO9MMK0#!/" target="_blank" rel="noopener noreferrer">Qualistaffel 4</a></p>
<p>Kontakt: Steffen Förstner (steffen.foerstner(at)t-online.de)</p>

<p>Zur Saison 2021/2022 haben wir zusammen mit den Vereinen FV Hohenstadt, TSV Untergröningen, FC Schechingen und SV Göggingen eine neue Spielgemeinschaft im Jugendfußball gegründet – das Juniorteam Kocher-Lein. Trainingszeiten D-Junioren &hellip; <a href="http://www.fc-eschach.de/?page_id=79" class="more-link"><span class="screen-reader-text">D-Junioren</span> weiterlesen <span class="meta-nav">&rarr;</span></a></p>
